est common factor of 26894 and 2276708?
238
Calculate the greatest common divisor of 1286355 and 173355.
105
Calculate the greatest common factor of 27567 and 3407077.
1021
Calculate the greatest common factor of 739630 and 423095.
185
What is the greatest common factor of 13283 and 1877929?
359
Calculate the highest common factor of 38786 and 914782.
946
What is the highest common divisor of 98944804 and 21896?
644
What is the greatest common factor of 54 and 183379032?
54
Calculate the highest common divisor of 2169 and 5350612833.
2169
Calculate the greatest common factor of 19359 and 681628.
239
What is the greatest common divisor of 10107463 and 178?
89
Calculate the greatest common factor of 592 and 39447624.
296
Calculate the highest common factor of 543752965 and 10815.
3605
Calculate the highest common divisor of 246 and 7761177.
123
What is the greatest common divisor of 760 and 3789740?
380
What is the greatest common factor of 31473 and 16358697?
2421
What is the greatest common divisor of 303095 and 380?
5
Calculate the highest common factor of 73484416 and 2384.
2384
Calculate the greatest common divisor of 63 and 73900152.
9
Calculate the greatest common divisor of 64 and 20852528.
16
Calculate the greatest common divisor of 1035034 and 7462.
182
Calculate the greatest common divisor of 6728956 and 1079.
13
What is the greatest common factor of 2596 and 111416426?
1298
What is the greatest common factor of 575181 and 116772?
789
Calculate the greatest common divisor of 15688854 and 13266.
1206
Calculate the highest common divisor of 3213 and 59643752.
119
Calculate the greatest common divisor of 3440 and 240176.
16
What is the highest common factor of 117 and 141426064?
13
What is the greatest common divisor of 45820 and 6403740?
1580
What is the greatest common factor of 111 and 3477297?
111
Calculate the highest common factor of 23474 and 1273998.
2134
Calculate the greatest common factor of 182 and 90358814.
182
Calculate the greatest common factor of 69017289 and 318.
159
Calculate the greatest common factor of 159800 and 1018300.
1700
What is the greatest common factor of 520 and 751933?
13
What is the greatest common factor of 128943 and 2304?
9
Calculate the highest common factor of 416375 and 3625.
125
Calculate the highest common divisor of 1098216 and 31860.
36
What is the greatest common divisor of 19215 and 177578625?
6405
Calculate the highest common divisor of 835 and 37218789.
167
What is the greatest common factor of 31374708 and 36?
12
Calculate the highest common divisor of 228999666 and 10602.
3534
Calculate the highest common divisor of 388 and 521738168.
388
Calculate the greatest common factor of 16872 and 246708008.
5624
What is the highest common divisor of 4214716 and 44?
44
What is the highest common factor of 32 and 18336992?
32
What is the greatest common factor of 976 and 14221?
1
What is the greatest common divisor of 3899 and 609873782?
3899
Calculate the greatest common factor of 56557350 and 900.
450
What is the highest common factor of 370825962 and 104?
26
Calculate the greatest common divisor of 12372 and 17418745.
1031
What is the greatest common factor of 5720 and 5925140?
260
Calculate the highest common factor of 14 and 564501238.
14
What is the greatest common divisor of 2780304 and 96?
48
Calculate the greatest common divisor of 2075106 and 1242.
138
Calculate the greatest common factor of 1120 and 1621368.
56
What is the greatest common divisor of 8138 and 856368?
626
Calculate the greatest common divisor of 101417 and 30044.
37
Calculate the greatest common factor of 64310275 and 50.
25
What is the highest common divisor of 187194 and 903?
21
What is the greatest common factor of 43558 and 1420892?
1502
Calculate the highest common divisor of 10585970 and 560.
10
Calculate the greatest common factor of 247050294 and 534.
534
What is the greatest common divisor of 1182098 and 2848?
178
Calculate the highest common factor of 9 and 18032034.
3
What is the highest common factor of 44490 and 27150?
30
What is the greatest common factor of 3600 and 32105475?
225
Calculate the highest common divisor of 671468 and 20412.
28
Calculate the greatest common factor of 4312140 and 5460.
420
Calculate the highest common divisor of 3832416 and 2016.
2016
Calculate the greatest common factor of 3438 and 32315481.
1719
What is the highest common divisor of 123627296 and 3055?
611
What is the greatest common divisor of 66312 and 2533671?
2763
What is the greatest common divisor of 2175088 and 9916?
268
What is the greatest common divisor of 12922 and 1599346?
994
What is the greatest common divisor of 11 and 66417373?
11
Calculate the highest common divisor of 7455407 and 899.
899
Calculate the greatest common factor of 1008103 and 2430323.
4183
What is the greatest common divisor of 10327388 and 28?
4
What is the highest common factor of 2626820 and 1740?
580
Calculate the highest common divisor of 62727110 and 90.
10
What is the greatest common factor of 7956 and 4028609?
221
Calculate the highest common divisor of 2 and 6038321.
1
What is the greatest common divisor of 1872486 and 17591?
49
Calculate the greatest common factor of 16128 and 1316511.
63
Calculate the highest common factor of 222459933 and 138.
69
What is the highest common divisor of 515 and 8853571?
103
What is the highest common factor of 65 and 3264020?
5
What is the highest common factor of 471 and 11239473?
471
Calculate the highest common factor of 167495198 and 26.
26
What is the highest common factor of 9310 and 3843854?
98
Calculate the greatest common divisor of 739724 and 301586.
202
Calculate the greatest common divisor of 2071 and 1933769.
109
Calculate the greatest common divisor of 40250 and 2743762.
322
What is the highest common divisor of 23359491 and 1926?
963
Calculate the greatest common divisor of 663193171 and 97.
97
Calculate the greatest common factor of 670 and 80484420.
670
Calculate the highest common divisor of 382207 and 1169.
7
Calculate the greatest common factor of 682617 and 2093.
299
What is the highest common divisor of 212132 and 13771?
293
Calculate the highest common divisor of 229043320 and 9680.
4840
What is the highest common divisor of 24668805 and 70?
35
Calculate the highest common factor of 399 and 1337239.
19
What is the highest common divisor of 244 and 5798843?
61
What is the greatest common divisor of 9856264 and 10839?
3613
What is the highest common divisor of 1015 and 47358185?
35
Calculate the highest common factor of 2050348911 and 78.
39
What is the highest common divisor of 207300 and 1450?
50
Calculate the highest common factor of 13162098 and 34716.
1578
Calculate the highest common factor of 1229 and 20610330.
1229
What is the highest common divisor of 57310488 and 8?
8
Calculate the greatest common divisor of 136525204 and 2372.
2372
What is the highest common factor of 141755230 and 1975?
395
Calculate the highest common divisor of 128 and 12703.
1
What is the highest common factor of 14695269 and 17648?
1103
Calculate the greatest common divisor of 627171360 and 3680.
3680
Calculate the greatest common divisor of 1986952 and 645612.
2948
What is the greatest common factor of 647 and 3484095?
647
What is the greatest common factor of 7592 and 389427844?
3796
Calculate the highest common factor of 1479 and 20692457.
29
Calculate the greatest common factor of 19482 and 1231548.
102
What is the highest common divisor of 10 and 215718770?
10
Calculate the greatest common factor of 339872 and 436800.
416
What is the greatest common divisor of 110473 and 574277?
913
Calculate the highest common divisor of 508980 and 18020.
340
What is the greatest common factor of 3340720 and 48?
16
What is the highest common factor of 3291696 and 38952?
72
Calculate the highest common factor of 37659624 and 9384.
408
What is the highest common divisor of 4990856 and 32708?
1924
What is the greatest common divisor of 27848 and 16888?
8
Calculate the highest common factor of 57 and 12008437.
19
Calculate the greatest common factor of 6759 and 28674682.
751
What is the greatest common factor of 639984 and 1737?
3
Calculate the highest common factor of 680 and 8861828.
68
What is the highest comm